{"id":143,"date":"2025-09-15T10:50:14","date_gmt":"2025-09-15T10:50:14","guid":{"rendered":"https:\/\/dema-solutions.com\/praise\/?page_id=143"},"modified":"2025-09-18T07:20:24","modified_gmt":"2025-09-18T07:20:24","slug":"praise-soluzione","status":"publish","type":"page","link":"https:\/\/dema-solutions.com\/praise\/it\/","title":{"rendered":"PRAISE: Ridurre i costi di traduzione \u00e8 ora possibile"},"content":{"rendered":"\n<h1>\n\t\t\tRidurre i costi di traduzione \u00e8 possibile: <br \/>Scoprite <u>PRAISE<\/u>.\t<\/h1>\n\tAdattate i vostri documenti tecnici prima della traduzione e i costi inizieranno a diminuire.<br \/>\nBasta con le revisioni costose. Addio alla terminologia incoerente.<br \/>\nSolo traduzioni migliori e pi\u00f9 efficienti, lavorando sui vostri testi originali.\n\t\t\t<a href=\"https:\/\/dema-solutions.com\/praise\/it\/praise-valutazione-testo-partenza-form\/\" target=\"_blank\" rel=\"noopener\">\n\t\t\t\t\t\t\tRichiedete una valutazione GRATUITA sulla <br \/>traducibilit\u00e0 dei vostri testi\n\t\t\t<\/a>\n\t\n<table id=\"tablepress-3\" class=\"tablepress tablepress-id-3\">\n<thead>\n<tr class=\"row-1\">\n\t<th class=\"column-1\">Categoria<\/th><th class=\"column-2\">Prima di PRAISE<\/th><th class=\"column-3\">Dopo PRAISE<\/th>\n<\/tr>\n<\/thead>\n<tbody class=\"row-striping row-hover\">\n<tr class=\"row-2\">\n\t<td class=\"column-1\">Costi di traduzione<\/td><td class=\"column-2\">La rielaborazione delle traduzioni e le revisioni ripetute fanno lievitare i budget in tutte le lingue.<\/td><td class=\"column-3\">Riducete i costi di traduzione evitando correzioni ripetute e limitando i cicli di revisione.<\/td>\n<\/tr>\n<tr class=\"row-3\">\n\t<td class=\"column-1\">Intervento umano nel ciclo di lavoro<\/td><td class=\"column-2\">Vi affidate solo ai traduttori per \"correggere\" la traduzione di un testo di partenza poco chiaro.<\/td><td class=\"column-3\">Combinate la rapidit\u00e0 dell\u2019AI alla precisione degli esperti per contenuti subito pronti a conquistare il tuo settore.<\/td>\n<\/tr>\n<tr class=\"row-4\">\n\t<td class=\"column-1\">Qualit\u00e0 e coerenza<\/td><td class=\"column-2\">Caos terminologico, messaggi confusi e rischi di conformit\u00e0 minano la tua presenza sui mercati.<\/td><td class=\"column-3\">Migliorate la coerenza tra le varie lingue e riducete le correzioni di conformit\u00e0.<\/td>\n<\/tr>\n<tr class=\"row-5\">\n\t<td class=\"column-1\">Tempo dedicato dagli esperti in materia e dai revisori<\/td><td class=\"column-2\">Gli esperti in materia sprecano ore per correggere traduzioni poco chiare.<\/td><td class=\"column-3\">Consentite agli esperti di concentrarsi sull\u2019approvazione dei testi, non sulla loro riscrittura.<\/td>\n<\/tr>\n<tr class=\"row-6\">\n\t<td class=\"column-1\">Efficienza del flusso di lavoro<\/td><td class=\"column-2\">I problemi emergono solo dopo la traduzione, facendo lievitare costi e sforzi.<\/td><td class=\"column-3\">Prevenite la rielaborazione successiva ed evitate costose correzioni post-traduzione.<\/td>\n<\/tr>\n<tr class=\"row-7\">\n\t<td class=\"column-1\">Tempistiche del progetto<\/td><td class=\"column-2\">I contenuti ambigui rallentano i traduttori e peggiorano la traduzione automatica, facendo slittare le date di consegna.<\/td><td class=\"column-3\">Velocizzate la consegna fino al 30% con un testo di partenza pi\u00f9 chiaro e traducibile.<\/td>\n<\/tr>\n<\/tbody>\n<\/table>\n\n<h2>\n\t\t\tIl problema dei costi nella traduzione tecnica\t<\/h2>\n\t<p>Nel settore della produzione, Life Sceince e in altri settori tecnici, i costi di traduzione si accumulano rapidamente.<\/p>\n<p>La causa non \u00e8 sempre la scarsa qualit\u00e0 dei traduttori o la traduzione automatica. Questi problemi si moltiplicano in tutte le lingue, rendendo ogni progetto pi\u00f9 costoso del dovuto.<\/p>\n<h3>\n\t\t\tTermini ambigui e terminologia incoerente \t<\/h3>\n<h3>\n\t\t\tStrutture sintattiche complesse che confondono la traduzione automatica e i traduttori \t<\/h3>\n<h3>\n\t\t\tNumerose revisioni post\u2011traduzione\t<\/h3>\n<h3>\n\t\t\tRevisioni dei testi su conformit\u00e0 normativa ripetute in tutte le lingue di destinazione\t<\/h3>\n<h2>\n\t\t\tEcco come PRAISE pu\u00f2 aiutarvi a risparmiare\t<\/h2>\n\t\t\t<h3 class='info-table-main-heading'>\t\t\tUn&#8217;unica correzione<br \/> invece di molte\t\t\t<\/h3>\n\t\t\t<h5 class='info-table-sub-heading'>\t\t\t\t\t\t<\/h5>\t\t\t\t\n\t\t\t<p>La correzione di una frase ambigua nel testo di partenza evita di dover correggerla separatamente in ogni lingua di destinazione.<\/p>\t\t\n\t\t\t<h3 class='info-table-main-heading'>\t\t\tMeno tempo dedicato <br \/>dagli esperti in materia\t\t\t<\/h3>\n\t\t\t<h5 class='info-table-sub-heading'>\t\t\t\t\t\t<\/h5>\t\t\t\t\n\t\t\t<p>Gli esperti si limitano ad approvare i testi, senza doverli correggere.<\/p>\t\t\n\t\t\t<h3 class='info-table-main-heading'>\t\t\tMigliori risultati di<br \/>traduzione automatica \t\t\t<\/h3>\n\t\t\t<h5 class='info-table-sub-heading'>\t\t\t\t\t\t<\/h5>\t\t\t\t\n\t\t\t<p>Un testo di partenza chiaro migliora la resa della traduzione automatica, riducendo i tempi di post\u2011editing.<\/p>\t\t\n\t\t\t<h3 class='info-table-main-heading'>\t\t\tMaggiore efficienza<br \/> dei fornitori\t\t\t<\/h3>\n\t\t\t<h5 class='info-table-sub-heading'>\t\t\t\t\t\t<\/h5>\t\t\t\t\n\t\t\t<p>I traduttori dedicano meno tempo ai chiarimenti e si concentrano sulla qualit\u00e0.<\/p>\t\t\n\t\t\t\t<img decoding=\"async\" src=\"https:\/\/dema-solutions.com\/praise\/wp-content\/uploads\/2025\/08\/dreamstime_l_267128470-min-scaled.jpg\" alt=\"dreamstime_l_267128470-min\" itemprop=\"image\" title=\"dreamstime_l_267128470-min\" onerror=\"this.style.display='none'\" loading=\"lazy\" \/>\n<h2>\n\t\t\tCome funziona PRAISE?\t<\/h2>\n\t<p>PRAISE non \u00e8 una soluzione universale. Ogni progetto viene personalizzato in base alle vostre memorie di traduzione, ai vostri glossari e alle vostre guide di stile.<\/p>\n<p>Grazie a strumenti di IA ampiamente utilizzati nel settore linguistico, e alla revisione da parte di esperti in ogni fase, i vostri testi vengono perfezionati in una forma adatta alla traduzione automatica, rendendoli pi\u00f9 chiari, coerenti e facili da elaborare.<\/p>\n<p>E poich\u00e9 nulla viene finalizzato senza la vostra approvazione, mantenete il pieno controllo e ottenete costi inferiori, meno revisioni e traduzioni di qualit\u00e0 superiore.<\/p>\n<h2>\n\t\t\tIntegrato con l&#8217;IA fin dall&#8217;inizio\t<\/h2>\n\t<p>PRAISE porta l&#8217;intelligenza artificiale al centro del processo di ottimizzazione dei testi originali. Utilizziamo strumenti di IA ampiamente diffusi nel settore linguistico per accelerare l&#8217;analisi e supportare decisioni mirate.<\/p>\n<p>L&#8217;IA verifica ogni frase e dettaglio, senza lasciare lacune o omissioni di contenuti. Nulla viene trascurato.<\/p>\n\t\t\t\t<img decoding=\"async\" src=\"https:\/\/dema-solutions.com\/praise\/wp-content\/uploads\/2025\/08\/dreamstime_xl_390502719-min-1-scaled.jpg\" alt=\"dreamstime_xl_390502719-min (1)\" itemprop=\"image\" height=\"1350\" width=\"2560\" title=\"dreamstime_xl_390502719-min (1)\" onerror=\"this.style.display='none'\" loading=\"lazy\" \/>\n\t\t\t\t<img decoding=\"async\" src=\"https:\/\/dema-solutions.com\/praise\/wp-content\/uploads\/2025\/08\/dreamstime_l_387908466-min-scaled.jpg\" alt=\"dreamstime_l_387908466-min\" itemprop=\"image\" height=\"1350\" width=\"2560\" title=\"dreamstime_l_387908466-min\" onerror=\"this.style.display='none'\" loading=\"lazy\" \/>\n<h2>\n\t\t\tCollaborazione con autori madrelingua esperti e qualificati\t<\/h2>\n\t<p>Ogni progetto PRAISE si avvale della collaborazione di esperti autori madrelingua, che trasformano le ottimizzazioni dell&#8217;IA in contenuti precisi e pronti per essere utilizzati nel vostro settore, riducendo i tempi e i costi di traduzione.<\/p>\n<h2>\n\t\t\tProgettato per i contenuti tecnici: la differenza di PRAISE\t<\/h2>\n\t<p>PRAISE \u00e8 stato progettato specificamente per la documentazione tecnica strutturata in cui la precisione \u00e8 fondamentale:<\/p>\n\t<p><strong>Finanza<\/strong><\/p>\n<ul>\n<li>Prepara documenti e report per traduzioni accurate e uniformi in tutti i mercati.<\/li>\n<li>Garantisce uniformit\u00e0 della terminologia per audit e comunicazioni.<\/li>\n<li>Riduce i costi di traduzione limitando correzioni ripetute nei report multilingue.<\/li>\n<\/ul>\n\t<p><strong>Life Sciences<\/strong><\/p>\n<ul>\n<li>Elimina i punti poco chiari nelle istruzioni per l&#8217;uso, nei documenti normativi e nei contenuti clinici.<\/li>\n<li>Supporta la conformit\u00e0 agli standard di settore, tra cui<br \/>\na ISO, MDR, FDA.<\/li>\n<li>Riduce i tempi di revisione degli esperti in materia fornendo bozze pi\u00f9 chiare ai traduttori.<\/li>\n<\/ul>\n\t<p><strong>Produzione<\/strong><\/p>\n<ul>\n<li>Standardizza la terminologia nei manuali, nei documenti di sicurezza e nelle guide di assemblaggio.<\/li>\n<li>Riduce le revisioni costose in pi\u00f9 lingue.<\/li>\n<li>Migliora l&#8217;efficacia della traduzione automatica per prodotti ricorrenti.<\/li>\n<\/ul>\n\t<p><strong>Team di redazione tecnica<\/strong><\/p>\n<ul>\n<li>Realizza contenuti coerenti e traducibili sin dalla fase iniziale.<\/li>\n<li>Mantiene l&#8217;accuratezza nella documentazione redatta da pi\u00f9 autori.<\/li>\n<li>Riduce i tempi di traduzione senza compromettere la qualit\u00e0.<\/li>\n<\/ul>\n<h2>\n\t\t\tRiducete i costi di traduzione prima che aumentino esponenzialmente\t<\/h2>\n\t<p>Scoprite quanto potreste risparmiare. Rispondete a15 rapide domande e riceverete il vostro punteggio di traducibilit\u00e0 del testo originale &#8211; Il primo passo per ridurre i costi di traduzione.<\/p>\n\t\t\t<a href=\"https:\/\/dema-solutions.com\/praise\/it\/praise-valutazione-testo-partenza-form\/\" target=\"_blank\" rel=\"noopener\">\n\t\t\t\t\t\t\tRichiedete una valutazione GRATUITA <br \/>di traducibilit\u00e0 dei testi\n\t\t\t<\/a>\n\t\t\t\t<style>\t    \r\n\t\t\t.epkb-faqs__item__question { color: #000000!important; }\r\n\t\t\t.epkb-faqs__item__answer { color: #000000!important; }\r\n\t\t\t\r\n\t\t\t.epkb-faqs__item-container { border-color: #e8e8e8!important; }\r\n\t\t\t.epkb-faqs__item-container--active .epkb-faqs__item__question { border-color: #e8e8e8!important; }\r\n\t\t\t\r\n\t\t\t.epkb-faqs__item__question { background-color: #ffffff; }\r\n\t\t\t.epkb-faqs__item__answer { background-color: #ffffff; }\r\n\t\t\t.epkb-faqs__item__question__icon { color: #000000; }\t.epkb-faqs-title { text-align: center!important; }\t\t\t<\/style>\t\r\n\t\t<div id=\"epkb-ml-faqs-basic-layout\" class=\"epkb-faqs-container epkb-faqs-accordion-mode epkb-faqs-space-small epkb-faqs-border-rounded epkb-faqs-border-none epkb-faqs-icon-left epkb-faqs-compact-small epkb-faqs-col-1\"> \t\t\t\t<h2 class=\"epkb-faqs-title\">\r\n\t\t\t\t\t<span>FAQ<\/span>\r\n\t\t\t\t<\/h2>\t\t\r\n\t\t\t<div class=\"epkb-faqs-cat-content-container\">\t\t\t\t\r\n\t\t\t\t\t<div class=\"epkb-faqs-cat-container\" id=\"epkb-faqs-cat-24\"> \r\n\t\t\t\t\t\t<div class=\"epkb-faqs__items-list-container\">\r\n\t\t\t\t\t\t\t<div class=\"epkb-faqs__items-list epkb-list-column-1\"> \t\t\t\t\t\t\t\t<div class=\"epkb-faqs__item-container\" id=\"epkb-faqs-article-147\" >\r\n\r\n\t\t\t\t\t\t\t\t\t<div class=\"epkb-faqs__item__question\" data-faq-type=\"faqs\">     \t\t\t\t\t\t\t\t\t\t\t<div class=\"epkb-faqs__item__question__icon epkb-faqs__item__question__icon-closed epkbfa epkbfa-plus-square\"><\/div>\r\n\t\t\t\t\t\t\t\t\t\t\t<div class=\"epkb-faqs__item__question__icon epkb-faqs__item__question__icon-open epkbfa epkbfa-minus-square\"><\/div>    \t\t\t\t\t\t\t\t\t\t<div class=\"epkb-faqs__item__question__text\">1. Con quali tipi di documenti pu\u00f2 lavorare PRAISE?<\/div>\r\n\t\t\t\t\t\t\t\t\t<\/div>\r\n\r\n\t\t\t\t\t\t\t\t\t<div class=\"epkb-faqs__item__answer\">\r\n\t\t\t\t\t\t\t\t\t\t<div class=\"epkb-faqs__item__answer__text\">    <p>Qualsiasi contenuto tecnico, normativo o didattico da tradurre, inclusi manuali, istruzioni per l'uso, documenti di conformit\u00e0, specifiche dei prodotti e guide per l'utente.<\/p>\n\t\t\t\t\t\t\t\t\t\t<\/div>\r\n\t\t\t\t\t\t\t\t\t<\/div>\r\n\r\n\t\t\t\t\t\t\t\t<\/div>  \t\t\t\t\t\t\t\t<div class=\"epkb-faqs__item-container\" id=\"epkb-faqs-article-148\" >\r\n\r\n\t\t\t\t\t\t\t\t\t<div class=\"epkb-faqs__item__question\" data-faq-type=\"faqs\">     \t\t\t\t\t\t\t\t\t\t\t<div class=\"epkb-faqs__item__question__icon epkb-faqs__item__question__icon-closed epkbfa epkbfa-plus-square\"><\/div>\r\n\t\t\t\t\t\t\t\t\t\t\t<div class=\"epkb-faqs__item__question__icon epkb-faqs__item__question__icon-open epkbfa epkbfa-minus-square\"><\/div>    \t\t\t\t\t\t\t\t\t\t<div class=\"epkb-faqs__item__question__text\">2. Quali lingue gestisce PRAISE?<\/div>\r\n\t\t\t\t\t\t\t\t\t<\/div>\r\n\r\n\t\t\t\t\t\t\t\t\t<div class=\"epkb-faqs__item__answer\">\r\n\t\t\t\t\t\t\t\t\t\t<div class=\"epkb-faqs__item__answer__text\">    <p>PRAISE funziona con tutte le lingue. Poich\u00e9 ottimizza il testo di partenza prima della traduzione, \u00e8 applicabile senza limitazioni.<\/p>\n\t\t\t\t\t\t\t\t\t\t<\/div>\r\n\t\t\t\t\t\t\t\t\t<\/div>\r\n\r\n\t\t\t\t\t\t\t\t<\/div>  \t\t\t\t\t\t\t\t<div class=\"epkb-faqs__item-container\" id=\"epkb-faqs-article-149\" >\r\n\r\n\t\t\t\t\t\t\t\t\t<div class=\"epkb-faqs__item__question\" data-faq-type=\"faqs\">     \t\t\t\t\t\t\t\t\t\t\t<div class=\"epkb-faqs__item__question__icon epkb-faqs__item__question__icon-closed epkbfa epkbfa-plus-square\"><\/div>\r\n\t\t\t\t\t\t\t\t\t\t\t<div class=\"epkb-faqs__item__question__icon epkb-faqs__item__question__icon-open epkbfa epkbfa-minus-square\"><\/div>    \t\t\t\t\t\t\t\t\t\t<div class=\"epkb-faqs__item__question__text\">3. In che modo PRAISE contribuisce a ridurre i costi di traduzione?<\/div>\r\n\t\t\t\t\t\t\t\t\t<\/div>\r\n\r\n\t\t\t\t\t\t\t\t\t<div class=\"epkb-faqs__item__answer\">\r\n\t\t\t\t\t\t\t\t\t\t<div class=\"epkb-faqs__item__answer__text\">    <p>Quando la stessa frase poco chiara ricorre in dieci lingue, si finisce per pagare dieci correzioni. PRAISE interviene sul testo di partenza e risolve il problema prima della traduzione. Contattateci per scoprire quanto potreste risparmiare con PRAISE.<\/p>\n\t\t\t\t\t\t\t\t\t\t<\/div>\r\n\t\t\t\t\t\t\t\t\t<\/div>\r\n\r\n\t\t\t\t\t\t\t\t<\/div>  \t\t\t\t\t\t\t\t<div class=\"epkb-faqs__item-container\" id=\"epkb-faqs-article-150\" >\r\n\r\n\t\t\t\t\t\t\t\t\t<div class=\"epkb-faqs__item__question\" data-faq-type=\"faqs\">     \t\t\t\t\t\t\t\t\t\t\t<div class=\"epkb-faqs__item__question__icon epkb-faqs__item__question__icon-closed epkbfa epkbfa-plus-square\"><\/div>\r\n\t\t\t\t\t\t\t\t\t\t\t<div class=\"epkb-faqs__item__question__icon epkb-faqs__item__question__icon-open epkbfa epkbfa-minus-square\"><\/div>    \t\t\t\t\t\t\t\t\t\t<div class=\"epkb-faqs__item__question__text\">4. Perch\u00e9 PRAISE funziona solo con i contenuti tecnici?<\/div>\r\n\t\t\t\t\t\t\t\t\t<\/div>\r\n\r\n\t\t\t\t\t\t\t\t\t<div class=\"epkb-faqs__item__answer\">\r\n\t\t\t\t\t\t\t\t\t\t<div class=\"epkb-faqs__item__answer__text\">    <p>Nei contenuti tecnici precisione, conformit\u00e0 e coerenza sono cruciali. PRAISE \u00e8 stato progettato per documenti strutturati in cui un testo di partenza poco chiaro pu\u00f2 rapidamente moltiplicarsi causando costosi errori multilingue.<\/p>\n\t\t\t\t\t\t\t\t\t\t<\/div>\r\n\t\t\t\t\t\t\t\t\t<\/div>\r\n\r\n\t\t\t\t\t\t\t\t<\/div>  \t\t\t\t\t\t\t\t<div class=\"epkb-faqs__item-container\" id=\"epkb-faqs-article-151\" >\r\n\r\n\t\t\t\t\t\t\t\t\t<div class=\"epkb-faqs__item__question\" data-faq-type=\"faqs\">     \t\t\t\t\t\t\t\t\t\t\t<div class=\"epkb-faqs__item__question__icon epkb-faqs__item__question__icon-closed epkbfa epkbfa-plus-square\"><\/div>\r\n\t\t\t\t\t\t\t\t\t\t\t<div class=\"epkb-faqs__item__question__icon epkb-faqs__item__question__icon-open epkbfa epkbfa-minus-square\"><\/div>    \t\t\t\t\t\t\t\t\t\t<div class=\"epkb-faqs__item__question__text\">5. Il processo \u00e8 completamente automatizzato?<\/div>\r\n\t\t\t\t\t\t\t\t\t<\/div>\r\n\r\n\t\t\t\t\t\t\t\t\t<div class=\"epkb-faqs__item__answer\">\r\n\t\t\t\t\t\t\t\t\t\t<div class=\"epkb-faqs__item__answer__text\">    <p>No. PRAISE combina l\u2019IA con la revisione umana di esperti per garantire accuratezza, conformit\u00e0 e rilevanza per il settore.<\/p>\n\t\t\t\t\t\t\t\t\t\t<\/div>\r\n\t\t\t\t\t\t\t\t\t<\/div>\r\n\r\n\t\t\t\t\t\t\t\t<\/div>  \t\t\t\t\t\t\t\t<div class=\"epkb-faqs__item-container\" id=\"epkb-faqs-article-152\" >\r\n\r\n\t\t\t\t\t\t\t\t\t<div class=\"epkb-faqs__item__question\" data-faq-type=\"faqs\">     \t\t\t\t\t\t\t\t\t\t\t<div class=\"epkb-faqs__item__question__icon epkb-faqs__item__question__icon-closed epkbfa epkbfa-plus-square\"><\/div>\r\n\t\t\t\t\t\t\t\t\t\t\t<div class=\"epkb-faqs__item__question__icon epkb-faqs__item__question__icon-open epkbfa epkbfa-minus-square\"><\/div>    \t\t\t\t\t\t\t\t\t\t<div class=\"epkb-faqs__item__question__text\">6. Chi \u00e8 il proprietario delle memorie di traduzione create dopo l&#039;ottimizzazione con PRAISE?<\/div>\r\n\t\t\t\t\t\t\t\t\t<\/div>\r\n\r\n\t\t\t\t\t\t\t\t\t<div class=\"epkb-faqs__item__answer\">\r\n\t\t\t\t\t\t\t\t\t\t<div class=\"epkb-faqs__item__answer__text\">    <p>In DEMA, i clienti hanno la piena propriet\u00e0 delle loro memorie di traduzione e di tutte le risorse linguistiche associate.<\/p>\n\t\t\t\t\t\t\t\t\t\t<\/div>\r\n\t\t\t\t\t\t\t\t\t<\/div>\r\n\r\n\t\t\t\t\t\t\t\t<\/div>  \t\t\t\t\t\t\t\t<div class=\"epkb-faqs__item-container\" id=\"epkb-faqs-article-153\" >\r\n\r\n\t\t\t\t\t\t\t\t\t<div class=\"epkb-faqs__item__question\" data-faq-type=\"faqs\">     \t\t\t\t\t\t\t\t\t\t\t<div class=\"epkb-faqs__item__question__icon epkb-faqs__item__question__icon-closed epkbfa epkbfa-plus-square\"><\/div>\r\n\t\t\t\t\t\t\t\t\t\t\t<div class=\"epkb-faqs__item__question__icon epkb-faqs__item__question__icon-open epkbfa epkbfa-minus-square\"><\/div>    \t\t\t\t\t\t\t\t\t\t<div class=\"epkb-faqs__item__question__text\">7. In quanto tempo \u00e8 possibile ottenere i risultati dopo aver inviato i contenuti?<\/div>\r\n\t\t\t\t\t\t\t\t\t<\/div>\r\n\r\n\t\t\t\t\t\t\t\t\t<div class=\"epkb-faqs__item__answer\">\r\n\t\t\t\t\t\t\t\t\t\t<div class=\"epkb-faqs__item__answer__text\">    <p>I tempi di consegna abituali sono 3\u20135 giorni lavorativi, in base a volumi e complessit\u00e0 del documento.<\/p>\n\t\t\t\t\t\t\t\t\t\t<\/div>\r\n\t\t\t\t\t\t\t\t\t<\/div>\r\n\r\n\t\t\t\t\t\t\t\t<\/div>  \t\t\t\t\t\t\t\t<div class=\"epkb-faqs__item-container\" id=\"epkb-faqs-article-154\" >\r\n\r\n\t\t\t\t\t\t\t\t\t<div class=\"epkb-faqs__item__question\" data-faq-type=\"faqs\">     \t\t\t\t\t\t\t\t\t\t\t<div class=\"epkb-faqs__item__question__icon epkb-faqs__item__question__icon-closed epkbfa epkbfa-plus-square\"><\/div>\r\n\t\t\t\t\t\t\t\t\t\t\t<div class=\"epkb-faqs__item__question__icon epkb-faqs__item__question__icon-open epkbfa epkbfa-minus-square\"><\/div>    \t\t\t\t\t\t\t\t\t\t<div class=\"epkb-faqs__item__question__text\">8. PRAISE \u00e8 adatto a settori regolamentati come Life Science e produzione di macchinari?<\/div>\r\n\t\t\t\t\t\t\t\t\t<\/div>\r\n\r\n\t\t\t\t\t\t\t\t\t<div class=\"epkb-faqs__item__answer\">\r\n\t\t\t\t\t\t\t\t\t\t<div class=\"epkb-faqs__item__answer__text\">    <p>S\u00ec. Il processo \u00e8 pensato per settori in cui chiarezza, conformit\u00e0 e coerenza rivestono un\u2019importanza cruciale.<\/p>\n\t\t\t\t\t\t\t\t\t\t<\/div>\r\n\t\t\t\t\t\t\t\t\t<\/div>\r\n\r\n\t\t\t\t\t\t\t\t<\/div>  \t\t\t\t\t\t\t\t<div class=\"epkb-faqs__item-container\" id=\"epkb-faqs-article-155\" >\r\n\r\n\t\t\t\t\t\t\t\t\t<div class=\"epkb-faqs__item__question\" data-faq-type=\"faqs\">     \t\t\t\t\t\t\t\t\t\t\t<div class=\"epkb-faqs__item__question__icon epkb-faqs__item__question__icon-closed epkbfa epkbfa-plus-square\"><\/div>\r\n\t\t\t\t\t\t\t\t\t\t\t<div class=\"epkb-faqs__item__question__icon epkb-faqs__item__question__icon-open epkbfa epkbfa-minus-square\"><\/div>    \t\t\t\t\t\t\t\t\t\t<div class=\"epkb-faqs__item__question__text\">9. Come \u00e8 possibile iniziare con una valutazione gratuita del testo di partenza?<\/div>\r\n\t\t\t\t\t\t\t\t\t<\/div>\r\n\r\n\t\t\t\t\t\t\t\t\t<div class=\"epkb-faqs__item__answer\">\r\n\t\t\t\t\t\t\t\t\t\t<div class=\"epkb-faqs__item__answer__text\">    <p>Cliccate su \"<a href=\"https:\/\/dema-solutions.com\/praise\/it\/praise-valutazione-testo-partenza-form\/\">Richiedete una valutazione gratuita con PRAISE<\/a>\" e rispondete a poche domande per scoprire come PRAISE pu\u00f2 aiutarvi.<\/p>\n\t\t\t\t\t\t\t\t\t\t<\/div>\r\n\t\t\t\t\t\t\t\t\t<\/div>\r\n\r\n\t\t\t\t\t\t\t\t<\/div>  \t\t\t\t\t\t\t\t<div class=\"epkb-faqs__item-container\" id=\"epkb-faqs-article-156\" >\r\n\r\n\t\t\t\t\t\t\t\t\t<div class=\"epkb-faqs__item__question\" data-faq-type=\"faqs\">     \t\t\t\t\t\t\t\t\t\t\t<div class=\"epkb-faqs__item__question__icon epkb-faqs__item__question__icon-closed epkbfa epkbfa-plus-square\"><\/div>\r\n\t\t\t\t\t\t\t\t\t\t\t<div class=\"epkb-faqs__item__question__icon epkb-faqs__item__question__icon-open epkbfa epkbfa-minus-square\"><\/div>    \t\t\t\t\t\t\t\t\t\t<div class=\"epkb-faqs__item__question__text\">10. Che tipo di risultati \u00e8 possibile aspettarsi da PRAISE?<\/div>\r\n\t\t\t\t\t\t\t\t\t<\/div>\r\n\r\n\t\t\t\t\t\t\t\t\t<div class=\"epkb-faqs__item__answer\">\r\n\t\t\t\t\t\t\t\t\t\t<div class=\"epkb-faqs__item__answer__text\">    <p>L'impatto dipende dalla qualit\u00e0 dei contenuti e dai flussi di lavoro attuali, ma in genere le aziende riscontrano costi di traduzione inferiori, tempi di consegna pi\u00f9 rapidi e un minor numero di revisioni post-traduzione. PRAISE consente di ottenere miglioramenti misurabili in termini di efficienza dei costi e di qualit\u00e0 della traduzione fin dai primi progetti.<\/p>\n\t\t\t\t\t\t\t\t\t\t<\/div>\r\n\t\t\t\t\t\t\t\t\t<\/div>\r\n\r\n\t\t\t\t\t\t\t\t<\/div>  \r\n\t\t\t\t\t\t\t<\/div>  \r\n\t\t\t\t\t\t<\/div>  \r\n\r\n\t\t\t\t\t<\/div>  \t\t\t<\/div>\t\t\t\t\t\t\t<!--suppress JSUnresolvedVariable -->\r\n\t\t\t\t<script type=\"application\/ld+json\">{\"@context\":\"https:\\\/\\\/schema.org\",\"@type\":\"FAQPage\",\"mainEntity\":[{\"@type\":\"Question\",\"name\":\"1. Con quali tipi di documenti pu\\u00f2 lavorare PRAISE?\",\"acceptedAnswer\":{\"@type\":\"Answer\",\"text\":\"Qualsiasi contenuto tecnico, normativo o didattico da tradurre, inclusi manuali, istruzioni per l'uso, documenti di conformit\\u00e0, specifiche dei prodotti e guide per l'utente.\"}},{\"@type\":\"Question\",\"name\":\"2. Quali lingue gestisce PRAISE?\",\"acceptedAnswer\":{\"@type\":\"Answer\",\"text\":\"PRAISE funziona con tutte le lingue. Poich\\u00e9 ottimizza il testo di partenza prima della traduzione, \\u00e8 applicabile senza limitazioni.\"}},{\"@type\":\"Question\",\"name\":\"3. In che modo PRAISE contribuisce a ridurre i costi di traduzione?\",\"acceptedAnswer\":{\"@type\":\"Answer\",\"text\":\"Quando la stessa frase poco chiara ricorre in dieci lingue, si finisce per pagare dieci correzioni. PRAISE interviene sul testo di partenza e risolve il problema prima della traduzione. Contattateci per scoprire quanto potreste risparmiare con PRAISE.\"}},{\"@type\":\"Question\",\"name\":\"4. Perch\\u00e9 PRAISE funziona solo con i contenuti tecnici?\",\"acceptedAnswer\":{\"@type\":\"Answer\",\"text\":\"Nei contenuti tecnici precisione, conformit\\u00e0 e coerenza sono cruciali. PRAISE \\u00e8 stato progettato per documenti strutturati in cui un testo di partenza poco chiaro pu\\u00f2 rapidamente moltiplicarsi causando costosi errori multilingue.\"}},{\"@type\":\"Question\",\"name\":\"5. Il processo \\u00e8 completamente automatizzato?\",\"acceptedAnswer\":{\"@type\":\"Answer\",\"text\":\"No. PRAISE combina l\\u2019IA con la revisione umana di esperti per garantire accuratezza, conformit\\u00e0 e rilevanza per il settore.\"}},{\"@type\":\"Question\",\"name\":\"6. Chi \\u00e8 il proprietario delle memorie di traduzione create dopo l&#039;ottimizzazione con PRAISE?\",\"acceptedAnswer\":{\"@type\":\"Answer\",\"text\":\"In DEMA, i clienti hanno la piena propriet\\u00e0 delle loro memorie di traduzione e di tutte le risorse linguistiche associate.\"}},{\"@type\":\"Question\",\"name\":\"7. In quanto tempo \\u00e8 possibile ottenere i risultati dopo aver inviato i contenuti?\",\"acceptedAnswer\":{\"@type\":\"Answer\",\"text\":\"I tempi di consegna abituali sono 3\\u20135 giorni lavorativi, in base a volumi e complessit\\u00e0 del documento.\"}},{\"@type\":\"Question\",\"name\":\"8. PRAISE \\u00e8 adatto a settori regolamentati come Life Science e produzione di macchinari?\",\"acceptedAnswer\":{\"@type\":\"Answer\",\"text\":\"S\\u00ec. Il processo \\u00e8 pensato per settori in cui chiarezza, conformit\\u00e0 e coerenza rivestono un\\u2019importanza cruciale.\"}},{\"@type\":\"Question\",\"name\":\"9. Come \\u00e8 possibile iniziare con una valutazione gratuita del testo di partenza?\",\"acceptedAnswer\":{\"@type\":\"Answer\",\"text\":\"Cliccate su \\\"Richiedete una valutazione gratuita con PRAISE\\\" e rispondete a poche domande per scoprire come PRAISE pu\\u00f2 aiutarvi.\"}},{\"@type\":\"Question\",\"name\":\"10. Che tipo di risultati \\u00e8 possibile aspettarsi da PRAISE?\",\"acceptedAnswer\":{\"@type\":\"Answer\",\"text\":\"L'impatto dipende dalla qualit\\u00e0 dei contenuti e dai flussi di lavoro attuali, ma in genere le aziende riscontrano costi di traduzione inferiori, tempi di consegna pi\\u00f9 rapidi e un minor numero di revisioni post-traduzione. PRAISE consente di ottenere miglioramenti misurabili in termini di efficienza dei costi e di qualit\\u00e0 della traduzione fin dai primi progetti.\"}}]}<\/script>   \r\n\t\t<\/div>\t\n\n","protected":false},"excerpt":{"rendered":"<p>Ridurre i costi di traduzione \u00e8 possibile: Scoprite PRAISE. Adattate i vostri documenti tecnici prima della traduzione e i costi inizieranno a diminuire. Basta con le revisioni costose. Addio alla terminologia incoerente. Solo traduzioni migliori e pi\u00f9 efficienti, lavorando sui vostri testi originali. Richiedete una valutazione GRATUITA sulla traducibilit\u00e0 dei vostri testi Il problema dei [&hellip;]<\/p>\n","protected":false},"author":2,"featured_media":0,"parent":0,"menu_order":0,"comment_status":"closed","ping_status":"closed","template":"","meta":{"footnotes":""},"class_list":["post-143","page","type-page","status-publish","hentry"],"blocksy_meta":[],"_links":{"self":[{"href":"https:\/\/dema-solutions.com\/praise\/wp-json\/wp\/v2\/pages\/143","targetHints":{"allow":["GET"]}}],"collection":[{"href":"https:\/\/dema-solutions.com\/praise\/wp-json\/wp\/v2\/pages"}],"about":[{"href":"https:\/\/dema-solutions.com\/praise\/wp-json\/wp\/v2\/types\/page"}],"author":[{"embeddable":true,"href":"https:\/\/dema-solutions.com\/praise\/wp-json\/wp\/v2\/users\/2"}],"replies":[{"embeddable":true,"href":"https:\/\/dema-solutions.com\/praise\/wp-json\/wp\/v2\/comments?post=143"}],"version-history":[{"count":8,"href":"https:\/\/dema-solutions.com\/praise\/wp-json\/wp\/v2\/pages\/143\/revisions"}],"predecessor-version":[{"id":260,"href":"https:\/\/dema-solutions.com\/praise\/wp-json\/wp\/v2\/pages\/143\/revisions\/260"}],"wp:attachment":[{"href":"https:\/\/dema-solutions.com\/praise\/wp-json\/wp\/v2\/media?parent=143"}],"curies":[{"name":"wp","href":"https:\/\/api.w.org\/{rel}","templated":true}]}}